 highest common divisor of 104 and 5538.
26
What is the greatest common divisor of 12 and 1524?
12
What is the highest common divisor of 474 and 6?
6
Calculate the highest common divisor of 428 and 25466.
214
What is the highest common divisor of 36 and 360?
36
Calculate the greatest common divisor of 12140 and 40.
20
Calculate the greatest common factor of 72 and 1176.
24
Calculate the highest common factor of 3276 and 208.
52
What is the highest common divisor of 275 and 325?
25
Calculate the highest common divisor of 29 and 11.
1
Calculate the highest common divisor of 1 and 73.
1
Calculate the highest common factor of 300 and 175.
25
What is the highest common factor of 976 and 384?
16
Calculate the greatest common factor of 1176 and 2793.
147
Calculate the greatest common factor of 25 and 295.
5
What is the highest common factor of 2 and 314?
2
What is the greatest common factor of 576 and 1632?
96
What is the highest common factor of 127199 and 409?
409
Calculate the greatest common factor of 80 and 3890.
10
Calculate the highest common factor of 216 and 1464.
24
Calculate the highest common divisor of 30 and 906.
6
What is the greatest common factor of 5546 and 282?
94
Calculate the greatest common factor of 465 and 1023.
93
What is the greatest common factor of 1092 and 48?
12
Calculate the highest common factor of 3 and 222.
3
What is the greatest common factor of 98 and 1862?
98
What is the greatest common divisor of 19 and 133?
19
What is the greatest common factor of 83 and 5063?
83
Calculate the greatest common divisor of 1164 and 36.
12
What is the greatest common divisor of 968 and 80?
8
What is the greatest common divisor of 175 and 1075?
25
What is the highest common factor of 7771 and 95?
19
Calculate the greatest common divisor of 343 and 7.
7
What is the greatest common factor of 134 and 335?
67
What is the highest common factor of 51 and 969?
51
Calculate the greatest common factor of 517 and 3901.
47
Calculate the greatest common factor of 68 and 391.
17
What is the greatest common factor of 7268 and 92?
92
Calculate the greatest common factor of 123 and 24231.
123
Calculate the highest common divisor of 39 and 1807.
13
What is the highest common divisor of 84 and 196?
28
Calculate the highest common factor of 130 and 26.
26
Calculate the greatest common factor of 9360 and 160.
80
What is the greatest common factor of 280 and 1435?
35
Calculate the greatest common factor of 37 and 26973.
37
What is the greatest common factor of 7845 and 30?
15
What is the greatest common divisor of 121 and 2?
1
What is the highest common divisor of 663 and 195?
39
Calculate the greatest common factor of 93 and 23591.
31
What is the highest common divisor of 110 and 605?
55
Calculate the greatest common factor of 132 and 20592.
132
What is the highest common factor of 128 and 144?
16
Calculate the greatest common factor of 324 and 72.
36
Calculate the highest common divisor of 1577 and 83.
83
What is the greatest common factor of 72 and 27?
9
Calculate the highest common divisor of 1927 and 287.
41
What is the highest common divisor of 26 and 1209?
13
Calculate the greatest common divisor of 629 and 185.
37
Calculate the highest common factor of 24 and 1032.
24
Calculate the greatest common divisor of 28 and 434.
14
What is the greatest common factor of 41 and 2009?
41
Calculate the highest common divisor of 750 and 15.
15
What is the highest common divisor of 648 and 8?
8
Calculate the greatest common divisor of 175 and 1025.
25
Calculate the highest common divisor of 15 and 6.
3
Calculate the greatest common factor of 13832 and 104.
104
What is the greatest common divisor of 9 and 1593?
9
What is the highest common divisor of 135 and 585?
45
Calculate the highest common factor of 1032 and 32.
8
Calculate the highest common factor of 23 and 138.
23
What is the greatest common divisor of 1175 and 2585?
235
What is the greatest common factor of 7689 and 187?
11
Calculate the highest common factor of 128 and 88.
8
What is the highest common factor of 43 and 1247?
43
Calculate the highest common divisor of 289 and 136.
17
Calculate the highest common factor of 3318 and 12.
6
Calculate the highest common factor of 1952 and 2074.
122
What is the greatest common divisor of 42 and 21?
21
What is the highest common divisor of 54 and 432?
54
Calculate the highest common factor of 24 and 28632.
24
What is the greatest common divisor of 7 and 763?
7
Calculate the greatest common divisor of 504 and 16.
8
What is the greatest common factor of 153 and 68?
17
What is the highest common divisor of 333 and 74?
37
What is the greatest common divisor of 48 and 1200?
48
What is the greatest common factor of 28 and 140?
28
What is the greatest common divisor of 4 and 1756?
4
What is the greatest common factor of 2 and 242?
2
What is the greatest common divisor of 40 and 36460?
20
Calculate the highest common divisor of 58 and 928.
58
What is the highest common factor of 2690 and 10?
10
Calculate the highest common factor of 58 and 551.
29
Calculate the highest common factor of 545 and 1744.
109
Calculate the greatest common factor of 620 and 20.
20
Calculate the highest common divisor of 104 and 3016.
104
Calculate the greatest common divisor of 240 and 2832.
48
What is the highest common divisor of 42 and 567?
21
Calculate the greatest common divisor of 36 and 738.
18
Calculate the greatest common divisor of 6195 and 84.
21
Calculate the greatest common divisor of 456 and 114.
114
Calculate the greatest common factor of 1 and 1063.
1
What is the highest common divisor of 828 and 144?
36
What is the greatest common factor of 47781 and 9?
9
Calculate the highest common divisor of 35 and 560.
35
Calculate the greatest common factor of 234 and 5472.
18
What is the highest common divisor of 180 and 20?
20
Calculate the greatest common divisor of 124 and 31.
31
What is the greatest common divisor of 712 and 16?
8
What is the highest common divisor of 42 and 63?
21
What is the highest common divisor of 17 and 4063?
17
What is the greatest common factor of 8 and 2056?
8
Calculate the greatest common divisor of 153 and 1071.
153
Calculate the greatest common factor of 1222 and 26.
26
Calculate the greatest common factor of 271 and 11111.
271
Calculate the greatest common factor of 177 and 34633.
59
What is the highest common factor of 425 and 25?
25
What is the highest common divisor of 240 and 58?
2
Calculate the greatest common factor of 2622 and 138.
138
Calculate the highest common divisor of 7033 and 26.
13
What is the greatest common factor of 44 and 121?
11
Calculate the highest common factor of 1079 and 2075.
83
What is the highest common divisor of 42 and 308?
14
What is the highest common divisor of 75 and 125?
25
Calculate the highest common divisor of 20580 and 105.
105
Calculate the greatest common divisor of 552 and 24.
24
Calculate the highest common factor of 169 and 7943.
169
Calculate the highest common factor of 226 and 7232.
226
What is the highest common factor of 70 and 910?
70
What is the highest common divisor of 12936 and 252?
84
Calculate the highest common factor of 240 and 270.
30
What is the highest common divisor of 99 and 72?
9
Calculate the highest common factor of 7 and 7.
7
Calculate the greatest common divisor of 1665 and 925.
185
Calculate the greatest common factor of 75 and 60.
15
Calculate the highest common divisor of 17 and 289.
17
Calculate the highest common factor of 30 and 114.
6
Calculate the greatest common factor of 36 and 18.
18
What is the highest common divisor of 2075 and 25?
25
Calculate the greatest common factor of 50 and 275.
25
What is the greatest common factor of 5486 and 247?
13
Calculate the greatest common divisor of 880 and 24.
8
Calculate the greatest common divisor of 3 and 321.
3
Calculate the greatest common factor of 36 and 1308.
12
Calculate the greatest common divisor of 22 and 2761.
11
Calculate the highest common factor of 34 and 2958.
34
Calculate the greatest common factor of 115 and 69115.
115
Calculate the greatest common factor of 11781 and 11.
11
What is the highest common factor of 56 and 30268?
28
What is the highest common divisor of 943 and 5?
1
Calculate the highest common factor o